 8. Let m = -13 - -4. Let n be g(m). Calculate the highest common divisor of 7 and n.
1
Let m = 1714 + -1622. Calculate the highest common factor of m and 2668.
92
Suppose -111 = -23*u + 717. Calculate the greatest common factor of u and 72.
36
Suppose 2*k - 24 - 90 = -4*y, k = -y + 29. What is the greatest common factor of 504 and y?
28
Suppose 53*h + 6 = 56*h. Suppose h = 2*j - j. Suppose -8*c = -3*c - 25. Calculate the highest common divisor of j and c.
1
Let m(s) = -2*s**2 + 6*s - 9. Let z be m(-6). Let g be ((-8)/3)/(3/z). What is the highest common divisor of 13 and g?
13
Let v(t) = t + 5. Let s(p) = 2*p + 8. Let h(a) = 5*s(a) - 7*v(a). Let b be h(6). What is the greatest common divisor of b and 161?
23
Let b be (((-48)/10)/(-6))/((-4)/(-230)). Let r = -8 + b. What is the greatest common factor of r and 57?
19
Let c(l) = -l**3 - 6*l**2 - 2*l - 5. Let w = 29 - 35. Let q be c(w). Calculate the highest common divisor of 49 and q.
7
Let r(q) = 16*q**2 - 62*q + 1. Let j be r(4). Let t(f) = -f**3 - 4*f**2 + 3*f - 7. Let x be t(-5). Calculate the highest common factor of j and x.
3
Suppose 5*o + v = 672, -6*o = -2*o - 2*v - 546. What is the highest common divisor of o and 54?
27
Suppose 0 = -4*b + 2*a + 160 + 62, -4*b - 4*a = -228. Let t be -14*1/(28/(-8)) - -4. Calculate the highest common divisor of b and t.
8
Let g(t) be the third derivative of -t**4 - t**3/3 + 3*t**2. Let f be g(-1). Let b = f + -15. Calculate the greatest common divisor of 35 and b.
7
Let r(d) = -82*d - 482. Let i be r(-6). What is the greatest common factor of i and 480?
10
Let m = -114 - 150. Let h = 440 + m. Suppose n + 3*n - 64 = 0. Calculate the highest common factor of n and h.
16
Let n be 1860/50*10/3. Suppose 2*x = -3*b + n, 2*x + 76 = 4*b - 108. Calculate the highest common factor of 4 and b.
4
Let m = 13 - -6. Let f = 24 - m. Calculate the highest common divisor of 40 and f.
5
Let f = 29 - 14. Let p = 345 + -270. Calculate the greatest common factor of p and f.
15
Let x(d) = 11*d**2 + 7*d + 1. Let v be x(1). Let u be (-3 + 8/4)*-19. What is the highest common divisor of v and u?
19
Suppose -2*h + 241 + 731 = -5*k, -5*k - 1964 = -4*h. Calculate the greatest common factor of h and 93.
31
Suppose 3*d = 2*d - 76. Let l = 1 - d. Let x be (-4)/(-14) - (-75)/7. What is the highest common factor of l and x?
11
Suppose -24 = -4*t - 0*t. Let u be (2/t)/((-17)/(-9435)). Calculate the greatest common divisor of 37 and u.
37
Let g(y) = y**2 - 2*y - 4. Let j be g(-3). Let z be (6/10*-11)/((-16)/80). What is the greatest common factor of j and z?
11
Suppose -45 + 213 = 14*u. What is the greatest common divisor of 294 and u?
6
Suppose -j = 3*l - 1320, 4*l + 6*j - 5*j = 1760. Calculate the highest common divisor of 22 and l.
22
Suppose 5*s = j - 5*j + 298, -4*s = -4*j + 280. What is the highest common divisor of 180 and j?
36
Let z be -3*(0 - (-110)/(-15)). Calculate the highest common factor of z and 121.
11
Suppose -2*s = 4*i - 54, 0 = 4*s - 0*s + 2*i - 90. Let l = 9 - 20. Let x = 242 + l. What is the greatest common factor of x and s?
21
Suppose 0 = -211*f + 199*f + 696. What is the highest common factor of f and 116?
58
Let w(p) = -8*p + 237. Let l be w(29). Let n(k) = -11*k + 1. Let m be n(-4). Calculate the greatest common factor of l and m.
5
Suppose -4*z = 3*d - 6*z + 2, z + 6 = 5*d. What is the highest common factor of 15 and d?
1
Let m be 57/(3 - 12/5). Let j = -91 - -129. Calculate the highest common divisor of m and j.
19
Let f = 409 - 387. Calculate the greatest common divisor of f and 506.
22
Let u be (-8)/(8 - (-1370)/(-170)). Calculate the greatest common factor of u and 374.
34
Let b be ((-9)/18)/(1/(-2)). Let p be ((-8)/3)/((-22)/33). Let s = 6 - p. What is the greatest common factor of s and b?
1
Let c(j) = -84*j - 1143. Let n be c(-27). What is the greatest common divisor of n and 9?
9
Suppose -8*q = -3*q - 5. Let u(x) = -4 - 5*x + 0 - q. Let t be u(-2). Calculate the greatest common factor of 35 and t.
5
Let i(d) = -d**2 - 17*d - 55. Let x be i(-9). What is the highest common divisor of x and 272?
17
Let r = -74 + 80. Calculate the highest common divisor of r and 426.
6
Let l = 29 - 15. Suppose 34 - 102 = -q - 5*k, 472 = 5*q + 3*k. Calculate the greatest common factor of l and q.
14
Let y be -7 + 4 - (-2 + -1). Suppose 32 = -y*l + 4*l. Let u be (12 - l)/((-4)/(-22)). What is the greatest common divisor of 66 and u?
22
Let y = -81 + 139. Suppose 0 = -4*w - t + y, 2*w + 4*t - 2*t = 26. Calculate the highest common factor of w and 45.
15
Suppose 4*o - 2 = c - 0*o, -28 = -3*c - 5*o. Suppose 0 = 4*a + 4*l - 0*l - 24, 4*a = -3*l + 27. Let n = 33 - a. What is the highest common factor of c and n?
6
Suppose 0 = 5*n + 2*z - 40, 2*n - 6*n - z + 32 = 0. Let y = 87 - 23. What is the highest common divisor of n and y?
8
Let y(t) = 25*t**2 + 24*t + 135. Let c be y(-6). What is the highest common divisor of 22 and c?
11
Let o be -20 + (-4)/(4 + 0). Let i be (-8)/(8/o) + -3. What is the highest common factor of 36 and i?
18
Let z = 1378 - 1363. Calculate the greatest common factor of z and 190.
5
Let f be 18/3*1/(-3) + 308. Suppose -k + 0*k = -f. Calculate the highest common factor of k and 18.
18
Let n(c) = -85*c + 40. Let o be n(0). Calculate the highest common factor of o and 120.
40
Let p(b) be the first derivative of -b**3/3 - 3*b**2 + 44*b + 55. Let y be p(-10). What is the greatest common factor of 28 and y?
4
Suppose 5*y + 3*b = 528, 4*y - 4*b = -9*b + 412. Calculate the highest common divisor of y and 162.
54
Let c(t) = 17*t**3 - 2*t**3 - 176*t - 3 - 2*t**2 + 180*t. Let o be c(1). What is the highest common factor of o and 126?
14
Let l(g) = -g + 105. Let k be l(-66). Calculate the greatest common divisor of k and 627.
57
Let v(m) = m**3 - 7*m**2 + 26*m - 14. Let d be v(7). What is the greatest common divisor of d and 126?
42
Suppose 35*a - 44 = 33*a. What is the greatest common factor of a and 22?
22
Let m be 18/45 - (-53)/5. Let a = 228 + -140. Calculate the highest common divisor of m and a.
11
Let i be ((-48)/(-16))/((-6)/(-4)). Suppose -i*h - 25 + 37 = 0. Calculate the highest common divisor of h and 2.
2
Suppose -g - 45 = -4*g. Let z = g - 3. Calculate the greatest common divisor of z and 132.
12
Suppose 16*v = 305 + 79. Let a be 296/10 - (-9)/(-15). Suppose 2*j - 10 - 5 = y, -4*j + 3*y + a = 0. What is the highest common factor of j and v?
8
Let t be 4/14 - 2400/(-28). Suppose -h + 2*y = t, -h + 4*y = y + 90. Let k = 132 + h. What is the highest common factor of 9 and k?
9
Let v(j) = -18*j + 20. Let d be v(1). Let x be -2 + 1 + 4*1. Suppose 0 = -4*i - x*b + 9 + 10, -4*b + 24 = 5*i. Calculate the greatest common factor of i and d.
2
Let y(t) = t**2 + 14*t - 68. Let k(b) = 3*b**2 + 30*b - 135. Let j(i) = 2*k(i) - 5*y(i). Let r be j(20). Calculate the greatest common divisor of 30 and r.
30
Let g = -42 - -43. Suppose -g = -6*c + 5*c. Calculate the greatest common divisor of c and 13.
1
Let z(s) = 2*s**2 - 15*s - 18. Let g be z(9). Let d = 47 - 2. What is the greatest common factor of d and g?
9
Let i(q) = q**3 + 34*q**2 - 6*q - 48. Let n be i(-34). What is the highest common divisor of n and 260?
52
Suppose 4*w - 2*k - 39 = -3*k, 0 = w - 3*k. What is the highest common factor of 9 and w?
9
Let y(c) = c**2 + 9*c + 47. Let j be y(-7). Calculate the greatest common divisor of 1056 and j.
33
Let j be 1 - ((-3)/(-6))/(5/470). Let a = j + 79. What is the greatest common divisor of a and 363?
33
Let u be ((-6)/(-9))/((2/33)/(-2)). Let f be u/(-18) - 6/27. What is the highest common divisor of 1 and f?
1
Suppose -14*x + 70 = -126. Calculate the highest common divisor of 448 and x.
14
Suppose -4*k = s + 2, -2*s + 4*k - 9*k + 11 = 0. What is the greatest common divisor of 22 and s?
2
Let w = -2 - -6. Suppose 0 = -w*m - 0*m. Suppose -4*n = m, 0 = x - 3*n - 0*n - 15. Calculate the highest common divisor of 60 and x.
15
Suppose 6*m - 2*r - 14 = 2*m, -15 = -3*m - 3*r. Let a = 3 + -1. Suppose 0 = s - 2, -m*v + 5*s = -a - 0. What is the highest common divisor of v and 6?
3
Let z be (56/(-10))/((-1)/5). Suppose -5*c = -6*h + 5*h + 2, 3*h + 5*c = 26. What is the greatest common divisor of z and h?
7
Let v = 527 - 263. Let h(p) = -8*p + 104. Let a be h(10). Calculate the grea